3*g - 4116. Give d(-34).
-2
Let t(p) = -2449*p + 17122. Calculate t(7).
-21
Let k(n) = 631*n - 10087. Determine k(16).
9
Let g(d) = 453*d - 19004. Determine g(42).
22
Let r(s) = -2*s**3 - 49*s**2 + 21*s - 10. Calculate r(-25).
90
Let p(y) = -38*y - 188. Determine p(-3).
-74
Let t(d) = 213*d - 232. What is t(1)?
-19
Let v(u) = 18*u**3 + 51*u**2 - 3*u - 1. Give v(-3).
-19
Let g(y) = y**3 + 4*y**2 + 12*y + 36. Calculate g(-3).
9
Let o(j) = -j**3 - 70*j**2 + 146*j + 173. Give o(-72).
29
Let g(x) = 1206*x + 39798. What is g(-33)?
0
Let p(t) = 44*t + 36. Calculate p(-1).
-8
Let c(k) = 4*k**3 + 15*k**2 + 7*k - 2. Determine c(-5).
-162
Let x(b) = -b**3 + 13*b**2 + 32*b - 32. Calculate x(15).
-2
Let g(n) = 5*n**3 - 5*n**2 - 27*n - 58. Give g(-3).
-157
Let p(a) = -50*a + 4405. Calculate p(88).
5
Let y(m) = -52*m - 23. Determine y(-1).
29
Let i(d) = -206*d + 28833. Give i(140).
-7
Let d(n) = -2*n**3 - 57*n**2 - 28*n - 1651. What is d(-29)?
2
Let p(w) = -221*w - 664. Calculate p(-3).
-1
Let x(j) = j**2 + 41*j - 45. What is x(-42)?
-3
Let y(q) = -22*q**2 - 152*q + 5. What is y(-8)?
-187
Let z(i) = i**2 + 8*i - 55. Determine z(7).
50
Let m(j) = -13*j**2 + 301*j + 915. Give m(-3).
-105
Let z(w) = -w**3 + 6*w**2 + 200*w - 1199. Give z(6).
1
Let a(p) = p**3 - 187*p**2 + 3043*p - 176. What is a(169)?
-7
Let v(l) = -83*l + 495. Determine v(6).
-3
Let s(q) = 7*q**2 + 121*q - 1145. Give s(-24).
-17
Let h(j) = -j**2 - 21*j - 50. Give h(-7).
48
Let u(c) = 39*c + 944. Calculate u(-25).
-31
Let m(z) = 104*z + 828. Give m(-8).
-4
Let u(o) = -123*o + 939. Determine u(8).
-45
Let y(x) = 19*x - 216. Calculate y(-12).
-444
Let i(r) = 2215*r + 17721. Give i(-8).
1
Let x(t) = t**3 - 27*t**2 - 59*t + 86. What is x(29)?
57
Let x(p) = 12*p**2 + 95*p + 130. Calculate x(-6).
-8
Let d(b) = 8*b**2 - 117*b + 6. Determine d(18).
492
Let v(s) = s**2 + 1072*s - 5418. Determine v(5).
-33
Let p(u) = -487*u**3 - 3*u - 4. Calculate p(-1).
486
Let m(k) = -k**2 - 32*k - 260. Determine m(-17).
-5
Let c(p) = p**3 + 23*p**2 + 15*p + 35. Determine c(-23).
-310
Let q(t) = -147*t**3 - 3*t + 2. Calculate q(1).
-148
Let y(l) = -455*l + 4556. What is y(10)?
6
Let l(f) = -17*f**3 + 715*f**2 - 44*f + 86. Give l(42).
2
Let z(j) = -j**3 - 15*j**2 + 4*j + 37. Determine z(-15).
-23
Let y(m) = 2*m**2 - 61*m - 239. What is y(34)?
-1
Let j(o) = -o**3 + 28*o**2 - 39*o + 142. Calculate j(27).
-182
Let n(r) = r**2 - 9*r - 253. Give n(-12).
-1
Let p(y) = y**3 + 6*y**2 + 13*y - 3. Give p(-6).
-81
Let t(z) = 7*z**3 + z**2 + 18*z - 19. Determine t(1).
7
Let o(f) = f**3 - 36*f**2 + 35*f - 51. What is o(35)?
-51
Let s(g) = -197*g - 175. Calculate s(-1).
22
Let i(y) = -1047*y + 29350. What is i(28)?
34
Let u(d) = -5*d**2 + d + 105. Give u(13).
-727
Let c(v) = 3*v**2 + 34*v + 9. Give c(-11).
-2
Let d(n) = -n**2 - 27*n - 11. Determine d(8).
-291
Let v(k) = -3*k**3 + 65*k**2 + 10*k + 284. Give v(22).
20
Let y(g) = 11*g**2 - 29*g + 78. Give y(-8).
1014
Let a(v) = v**2 - 579*v + 1159. Calculate a(2).
5
Let p(m) = 2*m**3 - 7*m**2 - 13*m + 32. Calculate p(5).
42
Let g(d) = d**3 + 19*d**2 + 22*d + 24. Calculate g(-18).
-48
Let y(o) = o + 256. What is y(-20)?
236
Let p(x) = 8*x - 313. Calculate p(8).
-249
Let l(t) = -158*t + 6640. What is l(42)?
4
Let u(s) = -4*s**2 + 23*s - 23. Calculate u(7).
-58
Let k(x) = -57*x - 303. Give k(-5).
-18
Let d(q) = 29*q - 5100. Determine d(176).
4
Let p(c) = c**3 + 31*c**2 - 631*c - 881. Determine p(15).
4
Let f(o) = 3*o**3 + 24*o**2 - 33*o - 26. What is f(-9)?
28
Let h(z) = 27*z + 7. Give h(-2).
-47
Let w(f) = -223*f**3 - 16*f**2 - 18*f - 1. Calculate w(-1).
224
Let i(t) = -7*t**2 - 94*t + 33. Calculate i(-17).
-392
Let a(u) = -u**3 + 9*u**2 + 412*u - 2985. Give a(7).
-3
Let q(u) = -7*u**2 + 886*u + 340. What is q(127)?
-41
Let q(m) = -78*m - 556. Give q(-7).
-10
Let v(j) = 118*j**2 - 4354*j - 448. Give v(37).
-4
Let f(d) = -5*d - 80. Give f(-13).
-15
Let u(m) = -2*m**3 - 98*m**2 - 102*m - 270. What is u(-48)?
18
Let p(q) = q**2 + 177*q + 7646. Determine p(-75).
-4
Let u(k) = -2*k**3 + 22*k**2 + k - 66. What is u(11)?
-55
Let v(h) = -h**2 + 4186*h + 16764. Give v(-4).
4
Let s(t) = -16*t - 316. Calculate s(-20).
4
Let i(s) = -s**3 + 18*s**2 + 136*s - 26. Calculate i(24).
-218
Let x(j) = -13876*j - 8. Give x(0).
-8
Let g(c) = 735*c - 730. Determine g(1).
5
Let q(p) = 2757*p - 85465. Calculate q(31).
2
Let y(g) = g**3 - 27*g**2 - 68*g + 36. Calculate y(29).
-254
Let b(j) = -j**3 + 88*j**2 + 668*j - 283. Give b(95).
2
Let l(y) = 1931*y - 15446. What is l(8)?
2
Let d(k) = 4*k**3 + 72*k**2 + 2*k + 43. Give d(-18).
7
Let n(i) = 11*i**3 + 4*i**2 + 10*i + 11. Determine n(-2).
-81
Let t(v) = 2*v**3 - 92*v**2 - 100*v + 208. What is t(47)?
-74
Let p(a) = -4*a**2 + 99*a + 5666. What is p(52)?
-2
Let r(l) = -l**3 - 37*l**2 - 339*l + 12. Determine r(-20).
-8
Let p(g) = 8*g**2 - 597*g + 2932. What is p(5)?
147
Let v(h) = -696*h - 34. Determine v(0).
-34
Let s(v) = 36*v - 4978. What is s(131)?
-262
Let a(k) = k**2 + 13*k - 25. Determine a(-16).
23
Let d(l) = l**2 - 44*l + 282. What is d(20)?
-198
Let v(b) = -92*b - 20. Determine v(1).
-112
Let j(a) = 7*a - 82. What is j(15)?
23
Let w(s) = 43*s**2 + 2365*s - 29. Give w(-55).
-29
Let m(f) = -67*f**3 + f**2 - 3*f - 4. Calculate m(-1).
67
Let i(l) = -23*l - 61. Calculate i(-8).
123
Let u(b) = -b**3 + b**2 + 14*b - 62. What is u(-6)?
106
Let z(t) = -2*t**2 - 28*t - 19. Give z(-14).
-19
Let k(b) = -79*b + 147. What is k(4)?
-169
Let l(c) = -c**3 - 6*c**2 + 4*c - 93. Determine l(0).
-93
Let k(f) = f**2 - 73*f - 1127. What is k(-13)?
-9
Let w(i) = -52*i - 355. Give w(-5).
-95
Let l(c) = -36*c - 7892. What is l(-219)?
-8
Let i(r) = -r**3 + 248*r**2 + 993*r - 70. What is i(-4)?
-10
Let x(o) = 19*o - 464. Calculate x(32).
144
Let v(x) = 37*x - 447. Calculate v(9).
-114
Let s(i) = -7*i**3 - i**2. What is s(0)?
0
Let q(n) = 2*n**2 + 2*n + 154. Determine q(0).
154
Let n(d) = d**3 - 9*d**2 + 8*d + 15. What is n(6)?
-45
Let y(p) = 12*p**2 + 54*p + 28. Determine y(-4).
4
Let j(h) = -154*h - 1951. Give j(-13).
51
Let s(k) = k**2 + 47*k - 940. Determine s(15).
-10
Let z(f) = -f**3 - 112*f**2 - 117*f - 674. Determine z(-111).
-8
Let q(g) = -g**3 + 17*g**2 - 35*g + 98. Determine q(14).
196
Let r(t) = -18*t**2 - 89*t. What is r(-5)?
-5
Let d(b) = 4*b**2 + 160*b + 705. What is d(-35)?
5
Let z(q) = 2*q**3 - 21*q**2 + 9*q + 5. Give z(10).
-5
Let h(t) = -t**2 + 194*t - 1111. Calculate h(6).
17
Let v(o) = o**3 - 42*o**2 - 26*o - 672. Give v(43).
59
Let r(z) = -15*z**2 + 60*z + 126. Determine r(-2).
-54
Let j(a) = 297*a - 56151. Calculate j(189).
-18
Let v(n) = 17897*n - 17893. Calculate v(1).
4
Let i(x) = -33*x + 3197. Calculate i(100).
-103
Let j(l) = 3*l**3 - 306*l - 303. Calculate j(-1).
0
Let c(m) = 122*m**2 + 4*m + 10. What is c(0)?
10
Let k(g) = 4*g**3 + 18*g**2 - 11*g + 10. What is k(-5)?
15
Let m(b) = -9*b**2 + 628*b + 110. Calculate m(70).
-30
Let n(t) = 212*t - 1219. What is n(6)?
53
Let x(g) = -34*g**2 + 1192*g - 64. Calculate x(35).
6
Let j(y) = 133*y - 4684. Calculate j(35).
-29
Let b(q) = -28*q - 18. Determine b(5).
-158
Let c(v) = -612*v + 33017. Give c(54).
-31
Let x(q) = -27*q + 531. What is x(20)?
-9
Let i(w) = w**3 - 87*w**2 - 463*w + 278. Calculate i(92).
2
Let v(d) = d**3 - 15*d**2 + 110*d - 1369. What is v(14)?
-25
Let q(h) = 4*h**2 - 45*h + 131. Calculate q(0).
131
Let f(c) = 1447*c + 52090. Give f(-36).
-2
Let k(v) = -171*v + 253. Give k(3).
-260
Let i(o) = o**2 - 77*o - 1048. Determine i(-12).
20
Let s(y) = 2*y**3 + 45*y**2 - 799*y - 17867. Determine s(-23).
-19
Let n(c) = -2*c**3 - 93*c**2 - 224*c - 178. Determine n(-44).
-2
Let z(l) = 2*l**2 + 167*l - 607. What is z(-87)?
2
Let z(w) = -w**3 + 30*w**2 - 25*w - 74. Determine z(29).
42
Let g(p) = -7*p - 229. Calculate g(-37).
30
Let c(r) = -94*r + 44. Give c(-2).
232
Let n(c) = c**2 + 4*c - 74. Give n(11).
91
Let s(x) = 128*x - 1552. Give s(10).
-272
Let w(k) = -81*k + 119. Give w(2).
-43
Let r(o) = -81*o - 2842. Calculate r(-35).
-7
Let l(i) = -13325*i - 93270. Calculate l(-7).
5
Let s(k) = k**2 + 234*k - 14530. Determine s(51).
5
Let p(q) = -1444*q - 17313. Give p(-12).
15
Let q(o) = o**3 + 5*o**2 + 4*o + 57. Calculate q(-6).
-3
Let m(p) = 4*p**3 - 268*p**2 + 4*p - 155. Calculate m(67).
113
Let r(f) = -8*f